= 0, -4*s + 4 = 3*o + o. Suppose -3*y + s*y = 42. What is the tens digit of y?
2
Let n(x) = 204*x + 3. What is the hundreds digit of n(1)?
2
Let f(i) = 2*i**2 - i - 2. Let v be f(2). Suppose -3 = -3*w + c, 4*w + w = 2*c + v. What is the units digit of w?
2
What is the units digit of (-4)/(-20) - (-219)/5?
4
Let x = 9 + -9. Suppose 4*v + r - 23 = 0, v + x*v - 2*r = 17. Suppose 0 = -p + v + 8. What is the units digit of p?
5
Suppose -j + 2*t + 22 = -4, -3*j = 3*t - 60. Suppose -4 = 2*y, y = -5*c - y + 81. Suppose 3*u - c - j = 0. What is the units digit of u?
3
Suppose -182 - 38 = -5*p. What is the tens digit of p?
4
Let d(i) = -3*i - 1. Let v be d(-2). Let b be 12/2 - 0/(-1). Suppose v*t - 16 + b = 0. What is the units digit of t?
2
Let b = -22 - -39. What is the units digit of b?
7
Let p = 35 + -28. What is the units digit of p?
7
Suppose -t = -z + 1, -2*z - 2*t = -5*z + 4. Let b be z/(-9) - (-48)/(-27). What is the units digit of b*1/2 + 9?
8
What is the hundreds digit of -3 + 6 - 426/(-3)?
1
Let u(x) = -52*x - 8. What is the units digit of u(-3)?
8
What is the tens digit of (123/1)/(1 - (-4)/8)?
8
What is the tens digit of (-22 + -13)*2/(-2)?
3
Suppose 8*q + 155 = 9*q. What is the tens digit of q?
5
Let j = 72 - 44. What is the units digit of j?
8
What is the units digit of 380/7 - 4/14?
4
Let j(g) be the second derivative of -g**5/20 - 5*g**4/12 + 2*g**3/3 - 3*g**2 - g. What is the units digit of j(-6)?
6
Suppose -23 = -4*b - 3. Suppose b*v - 50 = -2*i, -4*v - 2*i + 14 = -2*v. What is the tens digit of v?
1
Let f(s) = s**2 - 4*s - 3. Let p be f(5). Let v be (-1 + 6 - 1)/1. Suppose 0 = p*g - v*u, 4*g - 20 = -5*u + 3*u. What is the units digit of g?
4
Suppose 0 = 8*b - 3*b - 350. Suppose -4*u = u - b. What is the units digit of u?
4
Suppose 2*a - 2*c = a + 8, -5*a + 2*c = -8. Let q = a + 7. What is the units digit of q?
7
Let h(u) = u**3 - 8*u**2 + 2*u + 12. Let g(z) = z - 1. Let k(r) = -2*g(r) - h(r). What is the tens digit of k(7)?
1
Suppose 0 + 22 = -3*m + 5*u, -3*u + 18 = 3*m. Let d = m - -6. What is the units digit of d?
7
Suppose -2*v + 215 = -4*m - 25, 3*v = -2*m + 376. What is the units digit of v?
4
Suppose 0 = -3*g + 2*g + 5*h + 24, 4*h = -g + 60. Let j = -9 + 22. Suppose w - 15 = -4*u + j, -5*u + w + g = 0. What is the units digit of u?
8
Let j(q) = 25*q**2 - 1. Suppose n + n + 2 = 0. What is the units digit of j(n)?
4
Let l(p) = -2*p**3 + 3*p**2 + 4*p + 2. Let f(g) = g - 6. Let y be f(4). What is the units digit of l(y)?
2
Let y(o) = o**3 + 7*o**2 - 10*o - 7. Let w be y(-8). Let l = 30 - w. What is the tens digit of l?
2
Let w(f) = -f + 10. What is the units digit of w(9)?
1
What is the hundreds digit of 3/(9/12) + 139?
1
Let k be (-3 - 2)*6/5. Let x be ((-45)/(-20))/(k/(-16)). What is the units digit of (0 - (-3)/x)*2?
1
What is the tens digit of (-136)/(-10) - (-2)/5?
1
Let f = -8 + 14. What is the units digit of (6/4)/(f/40)?
0
Suppose -5*y = -y + 5*m + 1, -m - 23 = -3*y. Suppose -4*h + y = 18. Let k(f) = f**3 + 3*f**2 - f + 2. What is the units digit of k(h)?
5
Let l(t) = 30*t**2 + 2*t + 2. Let s be l(-2). What is the units digit of 6/15 + s/5?
4
Suppose -25 = 6*z - z. Let c = z - -20. Suppose 4*n + n = c. What is the units digit of n?
3
Let k(t) = t + 17. Let l be k(-13). Suppose 2*a - 6 = 4*a, 0 = -5*b - l*a + 88. What is the tens digit of b?
2
Suppose 0 = v + 4*v - 40. Let h = 18 - v. What is the units digit of 66/14 + h/35?
5
Suppose 4*b + 2*t = 446, 0 = -5*b - 5*t - 87 + 652. Suppose -q - b = 3*d, -d - 3*d - 2*q = 148. What is the units digit of (-45)/(-4) + 9/d?
1
Suppose -27 - 48 = -5*u. What is the units digit of u?
5
Let q(h) = 5*h**2 - 5*h + 4. What is the units digit of q(3)?
4
Let r(p) = p**2 - 5*p - 1. Let n be r(5). Let u = 2 + n. What is the units digit of (0 - -1) + u - -4?
6
Let n = -4 + 2. Let a = 10 + -14. Let j = n - a. What is the units digit of j?
2
What is the units digit of 543/(-9)*(2 + -1)*-3?
1
Suppose -6*u + 385 - 85 = 0. What is the units digit of u?
0
Suppose t = 5*n + 64, 0*n - n - 60 = -t. What is the units digit of t?
9
What is the hundreds digit of (-5 - 290)*(-2)/2?
2
Let o(u) = -u**3 - 5 + 2*u**2 + 0 - 5*u + 7*u**2. What is the tens digit of o(8)?
1
Let h(i) = i**3 - 11*i**2 + 9*i + 11. Let g be h(10). Let c(u) = 6*u**3 + u**2 - 2*u + 1. What is the units digit of c(g)?
6
Suppose 3*r + 48 = 3*y, 2 = -2*r - 6. Let f be 30/y - (-1)/(-2). Suppose -f*i + 4*i = 16. What is the units digit of i?
8
Suppose 5*p = 268 + 67. What is the tens digit of p?
6
Let k(c) = 3*c**2 - c + 2. What is the tens digit of k(2)?
1
Suppose 0 = 3*j + z + 3*z - 38, -j = -3*z + 9. Suppose -j*i + 3*i + 66 = 0. What is the tens digit of i?
2
Let s(z) be the second derivative of z**4/12 - z**3/3 + 3*z**2/2 + 2*z. What is the units digit of s(4)?
1
Suppose -3*m = -85 - 53. What is the units digit of m?
6
Suppose 2*t = -3*f + 5 + 2, 2*t = -5*f + 5. Suppose -t*j + j + 40 = 0. What is the units digit of (j/6)/((-4)/(-12))?
5
Let k(i) = 17*i - 2. What is the tens digit of k(2)?
3
Let g = 32 + -21. Let u(r) = r - 8. Let i be u(g). Suppose -x - i*x = -24. What is the units digit of x?
6
Let z(w) = 10*w - 1. Let r be z(-1). Let a be 6/(-4)*(-32)/(-12). Let x = a - r. What is the units digit of x?
7
Let h(k) = k + 3. Let i be h(3). Suppose 0 = -j + i*j - 20. Suppose j*u = 7 + 17. What is the units digit of u?
6
Suppose 2*k = 3*k + 5*a + 8, 3*k - 4 = -a. Suppose 0*f + f - 29 = b, f + k*b - 32 = 0. What is the units digit of f?
0
Suppose d + d - 10 = -4*g, -5*g + 11 = 2*d. Let q(k) = 6*k - 3. What is the tens digit of q(d)?
1
Suppose -3*c - 101 - 3 = 4*h, -h = -3*c - 79. What is the units digit of 36 + (c/4 - -3)?
2
Let o be 10/8 - (-10)/(-40). Let f(s) = 11*s - 3*s + 2*s. What is the tens digit of f(o)?
1
Let x(m) = -14*m - 4 + 7 + 7*m. Let t be x(-3). Suppose -d + 4*d = t. What is the units digit of d?
8
Let x be (168/(-10))/(3/(-15)). Let s = x + -49. What is the tens digit of s?
3
Let t = 2 + -5. Let c = t + 4. Let p = c + 0. What is the units digit of p?
1
What is the units digit of ((-342)/(-4) + -6)/((-3)/(-6))?
9
Let u = 142 + -10. What is the hundreds digit of u?
1
What is the tens digit of 4/(-8)*1576/(-2)?
9
Suppose -3*p = 2*p + 3*r - 22, 0 = 5*p - r - 6. Suppose -n + 6 = p*n. Let v = n + 0. What is the units digit of v?
2
Let r(s) = -10*s**3 - s**2 + 1. Let q be r(1). Let g = 2 + q. What is the units digit of 2/g - (-45)/20?
2
Let v(t) = -2*t**2 - 2*t + 1. Let w(z) = z**2 - z. Let p(k) = -v(k) + 4*w(k). What is the units digit of p(-1)?
7
What is the units digit of 254*(-4)/24*-3?
7
Let l be (-3 + 4)/(2/94). Let y = 86 - l. Suppose -a - y = i - 5*i, -a - 19 = -2*i. What is the units digit of i?
0
Suppose 4*q + 18 = -3*i - 7, -2*q - 8 = 0. What is the units digit of 4 + -2 - (i + 2)?
3
What is the units digit of (-4)/36*3*1*-411?
7
Suppose 5*j = -351 + 1486. What is the units digit of j?
7
Let j be (-1 - 4)*(-2 - -1). Let m be -10*(2 + j/(-2)). Suppose -m*z + 5 = 5*o, -3*z - 5*o - 2 = -3. What is the units digit of z?
2
Let b(a) = 6*a - 24. What is the units digit of b(13)?
4
Let o(x) = x + 7. Let h(c) = -4 + 7*c - c**2 + 2*c - 2. Let k be h(9). What is the units digit of o(k)?
1
Suppose z - 3*q = 63, -4*q = -2*z - 5 + 125. Suppose -z = -4*b + 2. Let i = b + -4. What is the tens digit of i?
1
Let t(u) = 9*u + 4. What is the tens digit of t(8)?
7
Let p(i) = -i + 4. Suppose 3*m - 15 = -4*y, 0 = -3*y + 6*y + 5*m - 25. Let d be p(y). What is the units digit of (2 - 10/d)*-4?
2
Let s(g) = -g**3 - 5*g**2 - 7*g. What is the units digit of s(-5)?
5
Let m(n) = -3*n - 5. Let d(b) = -2*b - 5. Let g(w) = 4*d(w) - 3*m(w). What is the units digit of g(13)?
8
Let t = 293 - 101. What is the tens digit of t?
9
Let z(w) = -10*w - 15. Let g be z(6). Let q = -33 - g. What is the units digit of q?
2
Suppose 0*i - i + 83 = 0. Suppose -3*g - i = -2*y, g - 28 = -y + 11. What is the tens digit of y?
4
What is the units digit of 20/6*(-45)/(-30)?
5
Let d be 1 + 6/(2 - 5). What is the tens digit of 8*(3 + d) - -1?
1
Let n = 12 + -7. Suppose n - 1 = 2*w. Let u = w - -1. What is the units digit of u?
3
Suppose 2*j = -3*y - 4, 5*y + 3*j + 10 = -2*j. Suppose f + 2*g = y, -3*f + g - 33 = 2*f. What is the units digit of 26*(f/4 + 2)?
3
Suppose 0 = 3*s